r?
True
Is 1946441 prime?
False
Is 16397 prime?
False
Is 293 prime?
True
Is 64339 a composite number?
True
Is 47189 composite?
False
Is 12323 a prime number?
True
Is 58291 a composite number?
True
Is 19973 composite?
False
Is 48073 composite?
False
Is 6709 prime?
True
Is 44771 a prime number?
True
Is 31039 prime?
True
Is 2638 prime?
False
Is 587 composite?
False
Is 2797 a composite number?
False
Is 181549 composite?
False
Is 105069 a composite number?
True
Is 1628689 a prime number?
True
Is 360803 composite?
False
Is 11399 prime?
True
Is 19553 prime?
True
Is 79 prime?
True
Is 3937 prime?
False
Is 5147 a composite number?
False
Is 5818 composite?
True
Is 14786 a composite number?
True
Is 199079 a composite number?
True
Is 7187 a composite number?
False
Is 6439 a composite number?
True
Is 19003 prime?
False
Is 1561 prime?
False
Is 86951 prime?
True
Is 143053 composite?
False
Is 148569 composite?
True
Is 19673 a prime number?
False
Is 242909 a prime number?
False
Is 22013 a composite number?
False
Is 1597 a prime number?
True
Is 1952395 a prime number?
False
Is 1941 a composite number?
True
Is 571717 a prime number?
True
Is 82627 composite?
True
Is 87833 composite?
False
Is 791 prime?
False
Is 104231 prime?
True
Is 1044931 a composite number?
False
Is 15311 a composite number?
True
Is 3107 composite?
True
Is 71986 a prime number?
False
Is 123973 composite?
False
Is 13891 composite?
True
Is 205991 a composite number?
False
Is 546223 a prime number?
False
Is 10543 prime?
False
Is 48071 composite?
True
Is 2519 prime?
False
Is 1063871 a prime number?
True
Is 15787 a composite number?
False
Is 211399 prime?
False
Is 637667 composite?
True
Is 184901 prime?
True
Is 381 a composite number?
True
Is 17117 a composite number?
False
Is 54719 a prime number?
False
Is 10055 prime?
False
Is 683567 a prime number?
True
Is 477313 a prime number?
True
Is 6289 composite?
True
Is 102013 prime?
True
Is 9753 composite?
True
Is 6245 prime?
False
Is 237722 composite?
True
Is 669831 composite?
True
Is 12133 a composite number?
True
Is 11378 prime?
False
Is 1299937 a composite number?
True
Is 10643 prime?
False
Is 3109 composite?
False
Is 661823 prime?
True
Is 32957 prime?
True
Is 10558 prime?
False
Is 1648511 a prime number?
False
Is 253229 prime?
True
Is 89123 a prime number?
True
Is 8887 a prime number?
True
Is 375031 a prime number?
False
Is 1556101 prime?
False
Is 299 a composite number?
True
Is 8009 a composite number?
False
Is 4547 a composite number?
False
Is 432257 a composite number?
True
Is 474439 a composite number?
True
Is 158341 prime?
True
Is 4327 a composite number?
False
Is 6033 a composite number?
True
Is 639211 a prime number?
True
Is 102283 a prime number?
False
Is 227453 a prime number?
True
Is 510847 a composite number?
False
Is 77093 a prime number?
True
Is 6247 a prime number?
True
Is 224639 a composite number?
True
Is 130769 prime?
True
Is 22267 a composite number?
True
Is 2633 prime?
True
Is 14401 composite?
False
Is 72299 a composite number?
True
Is 1297033 prime?
False
Is 1005503 a composite number?
False
Is 49466 composite?
True
Is 156263 prime?
False
Is 374063 a prime number?
True
Is 17077 a composite number?
False
Is 17887 a composite number?
True
Is 4742 a prime number?
False
Is 47555 prime?
False
Is 8513 a prime number?
True
Is 55 a composite number?
True
Is 6043 a composite number?
False
Is 914691 a composite number?
True
Is 1696673 a prime number?
False
Is 16537 a prime number?
False
Is 61141 composite?
False
Is 1515071 a composite number?
True
Is 26395 a prime number?
False
Is 52489 prime?
True
Is 319811 prime?
True
Is 3081827 a prime number?
False
Is 11791 a composite number?
True
Is 279337 a composite number?
False
Is 668953 prime?
False
Is 13901 a prime number?
True
Is 3907 a composite number?
False
Is 9029 prime?
True
Is 30185 a prime number?
False
Is 51047 a prime number?
True
Is 989203 composite?
True
Is 2461 prime?
False
Is 10679 prime?
False
Is 14903 composite?
True
Is 18251 a prime number?
True
Is 144731 composite?
False
Is 33361 a composite number?
True
Is 177029 a composite number?
True
Is 106903 composite?
False
Is 1337 a composite number?
True
Is 7039 a prime number?
True
Is 89161 prime?
False
Is 116239 prime?
True
Is 2193413 a composite number?
False
Is 941 a prime number?
True
Is 46837 prime?
False
Is 46457 composite?
False
Is 28771 prime?
True
Is 83311 a composite number?
False
Is 16267 prime?
True
Is 1151 composite?
False
Is 163927 a prime number?
True
Is 1804382 a prime number?
False
Is 79617 a prime number?
False
Is 37718 a prime number?
False
Is 859321 composite?
False
Is 14099 prime?
False
Is 124499 prime?
False
Is 4274 a prime number?
False
Is 528611 a prime number?
True
Is 249137 a prime number?
False
Is 1087 a prime number?
True
Is 94421 prime?
True
Is 444767 a composite number?
False
Is 79 a prime number?
True
Is 2843 a prime number?
True
Is 117917 a prime number?
True
Is 27355 composite?
True
Is 19801 a composite number?
False
Is 48017 composite?
False
Is 27211 a composite number?
False
Is 67631 composite?
False
Is 373837 a prime number?
True
Is 31009 a prime number?
False
Is 167189 a prime number?
False
Is 2411 a prime number?
True
Is 15017 a prime number?
True
Is 161723 prime?
False
Is 1727241 composite?
True
Is 11567 a prime number?
False
Is 6487 composite?
True
Is 1397 composite?
True
Is 64399 prime?
True
Is 847243 composite?
True
Is 44071 a composite number?
False
Is 4253 prime?
True
Is 503261 prime?
False
Is 461623 prime?
False
Is 15685 a composite number?
True
Is 341741 a prime number?
False
Is 5199 prime?
False
Is 7123 a composite number?
True
Is 59051 a composite number?
False
Is 1653677 a composite number?
True
Is 83078 prime?
False
Is 89429 prime?
False
Is 734759 a prime number?
True
Is 22303 a prime number?
True
Is 115831 composite?
False
Is 221 a composite number?
True
Is 1655 composite?
True
Is 139453 composite?
True
Is 14901 composite?
True
Is 85741 a composite number?
True
Is 44617 a prime number?
True
Is 331 composite?
False
Is 55453 composite?
True
Is 71819 prime?
False
Is 3777 a prime number?
False
Is 24155 a prime number?
False
Is 32707 a composite number?
False
Is 1415 prime?
False
Is 123973 composite?
False
Is 709 a prime number?
True
Is 701147 a composite number?
False
Is 18637 composite?
False
Is 25723 a composite number?
True
Is 2246 a composite number?
True
Is 1098221 a composite number?
False
Is 4985 composite?
True
Is 1337563 composite?
False
Is 7886 a composite number?
True
Is 94623 a composite number?
True
Is 329 prime?
False
Is 109273 a composite number?
True
Is 95737 composite?
False
Is 3707 a composite number?
True
Is 55007 composite?
True
Is 92122 prime?
False
Is 46171 prime?
True
Is 2459 prime?
True
Is 1443241 a composite number?
True
Is 23521 a prime number?
False
Is 71503 prime?
True
Is 35957 prime?
False
Is 499289 prime?
False
Is 51007 a prime number?
False
Is 3649 a prime number?
False
Is 45939 prime?
False
Is 713 prime?
False
Is 71057 prime?
False
Is 8119 composite?
True
Is 2819 composite?
False
Is 13241 a prime number?
True
Is 403537 a prime number?
True
Is 17723 prime?
False
Is 484439 a composite number?
False
Is 92033 composite?
False
Is 1679191 composite?
True
Is 184531 prime?
False
Is 5501 composite?
False
Is 2455409 prime?
False
Is 135829 composite?
False
Is 343991 composite?
True
Is 12301 a prime number?
True
Is 5193391 a prime number?
False
Is 538865 a prime number?
False
Is 6623 prime?
False
Is 336533 prime?
True
Is 7747 a composite number?
True
Is 1460345 a composite number?
True
Is 4583 composite?
False
Is 138727 composite?
False
Is 5919 prime?
False
Is 768617 a prime number?
False
Is 9179 composite?
True
Is 40673 a composite number?
True
Is 1043 prime?
False
Is 50117 a prime number?
False
Is 5731 a prime number?
False
Is 12451 a composite number?
False
Is 17905 prime?
False
Is 266581 prime?
False
Is 4621 a prime number?
True
Is 1817947 a composite number?
False
Is 240551 composite?
False
Is 234199 composite?
True
Is 916501 composite?
False
Is 28699 composite?
True
Is 727 a prime number?
True
Is 96377 prime?
True
Is 30109 a composite number?
False
Is 53561 a composite number?
True
Is 239359 a prime number?
False
Is 12097 composite?
False
Is 88577 composite